-68 - -70. Suppose -i*l + a + 7 = 20, 3*a = 9. Is l + -2 + (89 - -1) a prime number?
True
Let s(w) = w**2 + 14*w - 51. Let f be s(-17). Let o = f + 5. Suppose o*b - 96 = i - 263, -634 = -4*i + 3*b. Is i a composite number?
False
Let n(o) = -3*o - 8. Let t be n(-7). Suppose -10*p = -t*p + 267. Is p composite?
False
Suppose -2*p - 7*a = -22533 - 57891, 5*p + 4*a - 201087 = 0. Is p a prime number?
False
Let c(y) = 2977*y + 197. Is c(42) a prime number?
True
Let o(r) = 26*r**3 + r**2 - r + 5. Let z(h) = -25*h**3 - 2*h**2 - 4. Let a(l) = -l**2 + 23*l - 72. Let t be a(19). Let b(c) = t*z(c) + 5*o(c). Is b(5) prime?
True
Suppose v = -b + 2361, -7043 = -v - 2*v + 5*b. Let d = 1045 + v. Is d a composite number?
True
Suppose 9 = 3*p + 3*c, 4*p = 2*p + 3*c - 9. Suppose p = -17*x + 15*x + 54. Suppose -22*w + x*w = 5585. Is w a composite number?
False
Let p(d) be the third derivative of 415*d**4/24 - 151*d**3/6 - 115*d**2. Is p(6) a composite number?
False
Suppose 0 = y + 30*z - 26*z - 2593, 4*z - 7755 = -3*y. Suppose 0 = 4*i - 4*v - 10336, 0*v - 2*v - y = -i. Is i prime?
False
Let k be 2/(-4)*6*(-2 + 1). Let z(w) = 35*w**2 + w - 11. Is z(k) prime?
True
Suppose 144*o = 29*o + 45232753 + 3117732. Is o composite?
False
Let h be 0 - 883*2/(-2). Suppose -1559 = 8*z + 2489. Let c = z + h. Is c a prime number?
False
Suppose 2*k = -k + c + 20, -3*c = 3*k. Suppose 13*g - 145242 = -k*g. Is g a prime number?
True
Suppose 3*a - 4*w = 117783, 128*w = -2*a + 124*w + 78542. Is a composite?
True
Let a(i) = 3*i**2 + 13*i + 89. Let r be a(14). Suppose -5761 = -10*l + r. Is l composite?
True
Let r(a) = -2*a - 451. Let y be r(0). Let w = y - -288. Let d = w - -470. Is d prime?
True
Suppose 5*y + 66 + 14 = 0. Is (143015/20 - -2) + (-4)/y a composite number?
True
Suppose -v = 3*u - 1061680, -2140513 = -3*v - 2*u + 1044520. Is v composite?
False
Suppose 2935 = 9*j - 2897. Let n(r) = 4*r**2 - 4*r + j + 14*r**2 - 617. Is n(18) a prime number?
True
Let r be 4/(-14) + (1 - (-15)/(-21)). Suppose r = 4*b - 2*v - 158, -5*b - v = -4*v - 200. Let t = b + 120. Is t composite?
False
Let g(x) = -28*x**3 + 14*x**2 - 5. Suppose 3*s - 3 = -21. Is g(s) a prime number?
True
Suppose -2*c = 56 - 134. Suppose -c*s + 83910 = -33*s. Is s prime?
False
Let j(h) = 3*h + 17. Let u(k) = k + 1. Let d(q) = 2*j(q) - 10*u(q). Let r be d(6). Suppose 0 = 4*w + 4 - 24, 5*p + 5*w - 5630 = r. Is p prime?
False
Suppose 0 = 17*y + y - 1035339 + 426561. Is y prime?
False
Suppose -535*f - 17143027 + 61515392 = 0. Is f a composite number?
False
Let h(q) = 2*q**2 - 9*q + 15. Let j be h(4). Suppose 0 = -5*k + 4 + j. Suppose 3829 = 3*l + k*b - 4*b, -b + 6387 = 5*l. Is l prime?
True
Suppose s - 3*s + 10 = 0. Let x = -20466 - -20836. Suppose -x + 5805 = s*b. Is b a prime number?
True
Let r = -213 - -208. Is (7653 + -4)*r/(-5) composite?
False
Suppose -8*g + 5667 = -28847 - 25590. Is g composite?
True
Let c(h) = 48*h**3 + 4*h**2 - 80*h + 445. Is c(6) composite?
False
Is (-12)/8 - ((-258662)/4 - (-12)/4) a composite number?
False
Is ((-132)/88)/(-4 + 3173/794) composite?
False
Let j = 14032 + -3233. Is j a prime number?
True
Let b = 129 + -124. Suppose -1 = 2*f - 11. Suppose 0 = -b*o - 5*q + 7*q + 21951, -4*o - f*q = -17574. Is o prime?
True
Suppose 9*d + 2*c = 5*d + 14, -17 = -5*d - 2*c. Let l(m) = -4 + 3 - 2*m**3 + 3*m - 7*m + d*m**3 - 10*m**2. Is l(16) prime?
True
Let v(z) = z**3 - 2*z**2 + 9*z + 196. Let p be v(0). Suppose 171 = l - 0*l. Let g = l + p. Is g a prime number?
True
Suppose 0 = 71*t + 1054063 - 3307532. Is t a prime number?
False
Suppose 0 = -3*q - n - 23210, 15465 = -0*q - 2*q + n. Let i be 8902/(-4) + 2/(-4). Let x = i - q. Is x composite?
True
Let k = 13 - 9. Suppose 0*d - 6865 = -3*d - 5*t, -5*t + 9155 = k*d. Let c = -1259 + d. Is c a composite number?
False
Suppose n = -41 + 1693. Suppose -2*z - n = -6*z. Is z a composite number?
True
Let k(d) = d**3 - 20*d**2 - 3*d + 45. Let c = 66 - 46. Let o be k(c). Is 4162*(-2 - o/6) a composite number?
False
Let o(t) = -799*t**3 - 2*t**2 - 6*t + 4. Is o(-3) a composite number?
False
Let f = 961 + -942. Let l(n) be the third derivative of n**5/60 - 5*n**4/8 + 19*n**3/2 + 2*n**2. Is l(f) a composite number?
True
Suppose -3*w + 4 = 5*i, w + 4*i - 2 = -3. Suppose 0 = w*d - 41401 + 2734. Is d prime?
True
Let o = 81 - 76. Suppose 5*n + 5 = -5*p, 3*p - o*n - 33 = p. Is (-2)/4*((-1472)/p - 2) a composite number?
True
Let f = 57427 - -20778. Is f composite?
True
Let l(z) = -z + 195. Let a(b) = 65. Let u(c) = 17*a(c) - 6*l(c). Is u(17) a prime number?
True
Let i(j) = -j - 6. Let a be i(-8). Suppose 0*x + 6 = a*x. Suppose 2237 = 2*z - x*g, -g = -2*z - 5*g + 2230. Is z prime?
True
Is 375123/28 + (-6)/24 prime?
True
Let i(n) = -3503*n + 31. Let z be i(8). Let m = -7013 - z. Suppose m = 8*k - 4*k. Is k prime?
False
Suppose 2*u = 6, 15 = o + o + 3*u. Let a = -148 + 374. Suppose 4*q - 2*q + 4*v - a = 0, -o*v = 0. Is q composite?
False
Suppose 2*p = 5*v - 762809, -2*v + 26167 + 278968 = 3*p. Is v a prime number?
True
Let i be 1/2*(-3 - -54597). Suppose -2*t - 13656 = -2*q, t - 2*t - i = -4*q. Is q prime?
True
Suppose 666586 = 130*d - 84*d. Is d composite?
True
Suppose -2*u + 35 = 3*r - 4*u, 5*u = -5*r + 75. Let w(m) be the third derivative of 2*m**5/5 + 19*m**4/24 - 16*m**3/3 - 3*m**2. Is w(r) a prime number?
True
Let a(u) = -10*u**2 + 73*u - 94. Let c(w) = 15*w**2 - 110*w + 141. Let j(m) = 7*a(m) + 5*c(m). Is j(31) a prime number?
True
Suppose -32*d = 7*k - 29*d - 602827, 0 = -4*k - 2*d + 344472. Is k prime?
False
Let y(d) = d**2 + 3*d - 14. Let p be y(-8). Suppose -24*z - 6 = -p*z. Suppose -2*j + 2799 = -q, -2*q - 5502 = -z*j - 1303. Is j a composite number?
False
Suppose -5*u - 4*y + 234409 = 0, -u + 13253 + 33600 = -4*y. Is u prime?
True
Let p = -993 - 701. Let s(c) = -5*c**3 - 2*c**2 - 5*c + 9. Let n be s(-9). Let l = n + p. Is l composite?
True
Let o = 268 - 268. Suppose -8*m - 19603 = -2*s - 3*m, o = -s - m + 9812. Is s composite?
True
Suppose -5*n = -14*n + 38619. Let m = n - -2992. Is m a prime number?
True
Let b = 35 - 30. Suppose -1647 = -4*r - k + 4*k, -2*r - b*k + 817 = 0. Is r a prime number?
False
Let f(t) = t**2 + 9*t + 11. Let i be f(-7). Let v be 2 - 0 - (i + 3 + -4). Suppose 0 = -6*s - v*s + 1452. Is s a composite number?
True
Is (1 + 0)*(11 + 4181544/18) prime?
False
Let f be ((-630)/(-280))/((-3)/(-4)). Suppose -4*r + 672 = w + r, 2642 = 4*w - f*r. Is w composite?
True
Let d be (7 - 2)*(42/15 - 2). Is (-5)/2 - (-21750)/d composite?
True
Suppose 27*y + 528 = 285. Let x(a) = a**3 + a**2 + a. Let u be x(0). Is u - (-758)/3 - 3/y composite?
True
Suppose -5*s + 0*s + 30 = 5*a, -9 = -s - 4*a. Suppose -48*o + 1148 = -46*o. Suppose -163 - o = -s*p - 2*c, 2*p + 3*c - 286 = 0. Is p composite?
False
Suppose -3*d + 2*j + 1402849 = 0, 2*d - 383080 = -5*j + 552159. Is d prime?
True
Suppose -s - 5*f = 100 - 1161, 5305 = 5*s + f. Is s composite?
False
Let o be 3752/((7 + -3)/(-4)). Let s be (-2)/(-2 - o/1878). Suppose -a = 2*t - 1906, -t + a - 5*a = -s. Is t a composite number?
True
Let o(z) = -331*z**3 - 3*z**2 - 8*z + 1. Let t be o(-2). Let y = 4748 - t. Is y a prime number?
False
Is 8 - (88/264)/((-1)/216393) a prime number?
True
Suppose -2*v = -5*z + 1140901, -50*z + 45*z - v + 1140907 = 0. Is z a composite number?
False
Let v = 1560326 + -807325. Is v a composite number?
False
Let q(t) = -t - 7. Let p be q(-10). Suppose -4*y - 4*s + 236 = 0, p*y = 6*y - s - 165. Suppose 0 = -5*u + 186 - y. Is u a prime number?
False
Let m be 42/(-9)*23388/(-14). Is (-4 + 117/36)/((-3)/m) a prime number?
True
Let u(m) = m**3 - 4*m**2 + m + 2. Let k be u(2). Is k/26 + (-58660)/(-364) a prime number?
False
Let o = 306729 - 116156. Is o a prime number?
True
Let x = 320774 - 6007. Is x a prime number?
False
Let u be 0/(-2) - (-4 - 5 - -5). Suppose 0 = 4*a + u*t - 0*t, 5*t = -2*a. Is 4/12*a - -841 a prime number?
False
Let s(a) be the third derivative of a**6/120 - a**5/15 + a**4/24 - a**3/6 + 4*a**2. Let x be s(4). Is (-2)/x*40848/(-32) a prime number?
False
Let w be ((-20)/30)/((-1)/3). Suppose 0 = -4*s + 6*s - 5*d - 3273, -3261 = -w*s + d. Suppose 4*v - 5*t = -87 + 2241, -s = -3*v - 3*t. Is v composite?
False
Suppose -93212 + 1402 = -10*p. Suppose -4*m = u - 5187, 3*u + 4*m - 6420 = p. 